hat is the units digit of u?
1
Let b(x) = -x. Let s be b(-6). Let m(i) = -i**2 - 10*i + 4. Let h be m(-10). Suppose 2*y + 0*y - 2*f - s = 0, -y + h*f = -6. What is the units digit of y?
2
Let d(n) = n**2 + 14*n + 16. Let a be d(-13). Let c be (-2)/(1 + 1) + a. Suppose c*y - 22 = -0*y. What is the tens digit of y?
1
Suppose 2*k + 3*s + 7 = 0, -2*k + 2 = -k - 4*s. Let b be k/6*(2 + 1). What is the units digit of (3 + -16)/(-2 - b)?
3
Let l(j) = j + 1. Let a be l(1). Suppose -21 = i + 5*g, a*i - g + 0*g = 13. What is the units digit of i?
4
Let y be 3/(-4) - (-6)/8. Suppose d = -y*d + 31. What is the tens digit of d?
3
Let q = 57 - 23. What is the tens digit of q?
3
Suppose -2*n + 4*n = 2*b, -3*b = 5*n - 40. Suppose 2*u - 2*j = j - 1, b*u + 4*j - 9 = 0. Let h = u + 5. What is the units digit of h?
6
Let r be (0 - -2)*69/6. Let m = r - 0. What is the tens digit of m?
2
Let k = 13 + -7. Suppose 0*i + 5*i - 18 = -u, 18 = 2*u + i. Let g = u - k. What is the units digit of g?
2
Suppose -4*j + j + 6 = 0. Suppose -s = -j*s + 19. What is the tens digit of s?
1
Suppose 0*f - 5*f = -425. What is the tens digit of f?
8
Suppose o = 4*i - 12, -3*o + 10 - 2 = -i. Suppose -5*r - 2*d = -1 - 25, -i*r - 2*d + 22 = 0. Suppose 7*q - 33 = r*q. What is the tens digit of q?
1
Let p = 6 + -1. Suppose 3*f = -4 - 5. Let j = p - f. What is the units digit of j?
8
Suppose -5*z + 15 = 3*c - 12, 5*z = -4*c + 31. Suppose 4*p - c*o - 76 = 0, 3*p - o = 5 + 42. What is the units digit of ((-12)/p)/(2/(-14))?
6
Suppose x = f - 48 - 7, 4*x + 273 = 5*f. Let z = -35 + f. What is the tens digit of z?
1
Suppose 0 = 3*q + 2*q - 10. Suppose 3*x = 5*j + 32, q*x = 5*j - j + 24. What is the units digit of x?
4
Let h = -14 + 55. What is the tens digit of h?
4
What is the tens digit of 9/18*(-164)/(-2)?
4
Let w be 3/(-3*1/8). Let t = w + 14. What is the units digit of t?
6
Let z(d) be the third derivative of d**4/24 + 4*d**3/3 + 2*d**2. What is the units digit of z(-7)?
1
What is the units digit of (-4)/16 + 45/4?
1
Let q = -5 + 7. Let i be -1*(1 - q/2). Suppose -6 = -y - i*y. What is the units digit of y?
6
Let t(q) = 3*q**3 - 2*q**2 - q. Let j be t(2). Let d be 1 + (-3 - 1) + -32 + 36. Suppose d = x - j. What is the tens digit of x?
1
Suppose 0 - 5 = 5*j. What is the units digit of (4/8)/(j/(-112))?
6
Let j = -57 + 123. Suppose -4*c - 12 = 0, 0 = 4*w - 2*c + 4 - j. What is the tens digit of w?
1
Suppose 5*x - 2*x = 336. Suppose 3*n = -n + x. Suppose -n = -5*m + 12. What is the units digit of m?
8
Let o be 6*(88/6 - 0). Suppose -d = g + o - 28, -8 = 4*g. What is the units digit of d/(-7) - (-8)/(-28)?
8
Let q(t) = 5*t**2. Let y(j) be the third derivative of j**6/120 + 2*j**5/15 - 5*j**4/12 - 4*j**3/3 + 2*j**2. Let p be y(-9). What is the units digit of q(p)?
5
Suppose 0*t + 4*t + 12 = 0. Let f be (-3)/(-2)*8/t. What is the units digit of 8/4*(-6)/f?
3
What is the tens digit of -3 - (4 - 6)/(2/15)?
1
Suppose -2*f + 10 = -0*f. Suppose 6 = -n - f. Let h = -7 - n. What is the units digit of h?
4
Let y(d) be the third derivative of d**4/12 - 2*d**3/3 - 4*d**2. What is the units digit of y(6)?
8
Suppose -5*i = t - 106, 5*t + 0 + 86 = 3*i. Let n(j) = -j**2 - 10*j - 7. Let s be n(-9). Suppose 4*a = s*a + i. What is the units digit of a?
1
Suppose 11 + 1 = 4*j. Suppose -j*m - 2*f + 18 = 0, -3 = -3*f + 2*f. Suppose -m*b = -56 + 4. What is the units digit of b?
3
Let y = 15 + 4. Suppose y = 3*s - 32. What is the units digit of s?
7
Let t(i) = i**2 - 3*i - 10. Let j(k) = k + 1. Let d(w) = 6*j(w) + t(w). What is the units digit of d(2)?
6
Suppose 2 + 8 = r. What is the units digit of (8 + -2)/(3/r)?
0
Suppose -2*g - 3*g - 25 = 0. Let j = 13 + g. What is the units digit of j?
8
Let g(i) = i**2 - 7*i. Let a be g(6). Let z = -3 - a. What is the units digit of z?
3
Suppose 5*q - 4*j - 43 = -6*j, 5*q - 3*j - 23 = 0. Let l(r) = r**2 - 5*r + 1. Let x be l(5). What is the units digit of x*-1 + q + 0?
6
Suppose 4*l - 253 = -129. What is the tens digit of l?
3
Suppose 2*m + 5*r - 83 = -2*m, -15 = -5*r. What is the units digit of m?
7
Suppose -3*a + 5 = -2*a. Suppose a*x - 7 = x - c, 1 = 2*x + 3*c. Suppose -3*h + 5*i = 7 - 26, 0 = -4*h - x*i + 8. What is the units digit of h?
3
Let f = -102 + 32. Let w = 121 + f. Let z = -34 + w. What is the units digit of z?
7
Let a be (-2 - -28) + -2 + 2. Suppose 0*l + 4*l = 5*z + a, -z = l - 2. What is the units digit of 4/l*(2 + 1)?
3
Let x = -375 - -746. What is the tens digit of x?
7
Let l(d) = -d**2 + 8*d - 9. What is the units digit of l(6)?
3
Let w(j) = j**3 + 4*j**2 - 2*j + 3. What is the tens digit of w(-4)?
1
Let g(z) = -z**2 + 3*z + 4. Let h be 2/4 + (-10)/(-4). Let r be g(h). Suppose -r*q + 20 = q. What is the units digit of q?
4
Suppose 0*m + 80 = 5*m. What is the tens digit of m?
1
Suppose 0 = 6*x - 2*x - 288. Suppose v = -v + x. What is the tens digit of v?
3
What is the tens digit of 293/5 - 12/(-30)?
5
Suppose 0 = 2*u - 5*h - 81, 3*u - 6*u = 4*h - 87. What is the units digit of u?
3
Let x(h) = 2*h**2 + 2*h + 1. Let w be x(3). Let a be 2/(-4) + (-90)/(-12). Let k = w - a. What is the tens digit of k?
1
Suppose 4*i - 3*i + 6 = 0. Let k = i - -4. Let q = k + 13. What is the tens digit of q?
1
Let z = 31 - 13. What is the tens digit of z?
1
Let w(n) = -n + 11. Let b(l) = l + 4. Let m be b(4). What is the units digit of w(m)?
3
Suppose b = 3*b - 4*h + 38, 2*h + 119 = -5*b. Let r = -16 - b. What is the units digit of r?
7
Let p(i) = -i**2 + i. Let d be p(0). Suppose -j + 35 = 3*w - 0*w, -3*w - 2*j + 37 = d. What is the units digit of w?
1
Suppose 17 = 5*l + 2. Suppose -6*m + 2*j + 122 = -m, -3*m + l*j = -66. What is the units digit of m?
6
Let u(s) = 2*s**2 - 3*s - 4. What is the units digit of u(-2)?
0
Let d = 17 + -14. Suppose -g = 4*g + 4*z - 155, -5*z + 80 = d*g. What is the tens digit of g?
3
Suppose k + 4*h - 19 = 0, -h + 3*h = 8. Let u be 2/(1/(k/2)). Suppose -u*v + 5*x + 37 = 0, -v + 6*v + 4*x - 37 = 0. What is the units digit of v?
9
Let b = 55 + -8. Suppose -6*i - 49 = 3*o - i, 4*o + b = -3*i. Let u = o - -14. What is the units digit of u?
6
Suppose 0 = g + g - 254. What is the units digit of g?
7
Let q be ((-4)/6)/((-10)/75). Suppose 4*h + 0*h + 40 = q*c, -5*c - 3*h + 75 = 0. Suppose -3*f = -3 - c. What is the units digit of f?
5
Let u = -11 - -16. Suppose -3*h = -u*h + 68. What is the units digit of h?
4
Let w = 44 + -24. What is the tens digit of w?
2
Let t be ((-2)/6)/((-5)/45). Let g be 42/9 - 2/t. Suppose 5*n + g = 9. What is the units digit of n?
1
Suppose 2 = -3*g - 4. What is the units digit of -2*(-1)/g*-13?
3
Suppose 3*n = 2*l + 11, 5*n + 3*l - 13 = l. What is the units digit of n?
3
Let b be 3/(-1) - (-2 + -33). Let d = b + -17. What is the tens digit of d?
1
Let s be (-66)/(-14) - (-2)/7. Suppose s*y + 2 = -2*g - 13, -4*g - 22 = 2*y. Let z = 9 + g. What is the units digit of z?
4
Let o be (-54)/3*(-2)/(-3). Let v be (-2)/(-12) + (-58)/o. Suppose -3*b - f - v = -5*b, 5*b + 4*f - 32 = 0. What is the units digit of b?
4
Suppose -107 = -2*r - 3*f, 2*f - 4 = 6. What is the units digit of r?
6
Suppose 0 = -5*s - s + 684. What is the units digit of s?
4
Let j(k) = -4 - 5 - 2*k + 4. What is the units digit of j(-9)?
3
Let h = -47 - -84. What is the units digit of h?
7
Suppose -2*g + 160 = 3*g + d, -5*d - 32 = -g. Suppose s + g = 2*s. What is the units digit of s?
2
What is the units digit of 20*2/(20/15)?
0
Suppose -c + 0*c + 75 = 0. What is the units digit of c?
5
Let a be (-40)/7 - 12/42. Let r be 0 + 3/(a/8). Let q = 1 - r. What is the units digit of q?
5
Let u be (-2)/11 + 20/(-11). Let b(p) = 8*p**2 + 3*p + 2. What is the units digit of b(u)?
8
Suppose -10 = -3*n - 2*n. Suppose -7*y + n*y - 40 = 0. What is the units digit of 2/y + (-74)/(-8)?
9
Let l(k) = 6*k**2 + 3*k + 6. What is the tens digit of l(-3)?
5
Let r(c) = -c - 1. Let p be r(-2). Let y = p - 0. What is the units digit of y?
1
What is the units digit of ((-3)/(-3))/((-1)/(-55))?
5
Let i(b) = -b**2 - 3. Let l be i(4). Let g = -6 - l. What is the units digit of g?
3
Let y be 2/13 + (-10)/65. Suppose 2*h - 5*t = -21, 3*h + y*t = 2*t - 4. Suppose -2*p + 56 = h*p. What is the units digit of p?
4
Suppose 0*z = -y + 2*z, -5*y + 9 = -z. Let l(k) = y*k - 1 - 5 + 2 + k**2. What is the units di